 + 327. Give o(n).
7
Let l = 15 + -12. Let t = l - 1. Let h(z) = -7*z**2 - 7 - t*z**2 + 8*z - 6*z**2 + 14*z**2. What is h(6)?
5
Let w(f) = -32*f**3 - 19*f**2 - 14*f - 50. Let d(o) = 13*o**3 + 10*o**2 + 7*o + 24. Let y(p) = 5*d(p) + 2*w(p). What is y(-12)?
-64
Let z(h) = h**3 - 4*h**2 + 22*h - 56. Let b = 8979 - 8976. Determine z(b).
1
Let j(n) = -n**3 + 4*n**2 - 5*n + 6. Suppose -5*l + 60 = l. Suppose 5*z = -3*r + 29, -r + 17 = z + l. Determine j(r).
0
Let c = 1 + 0. Let f(x) = c - 3*x**2 + 3 - 3. Let s = 45803 - 45804. Determine f(s).
-2
Let y(r) = 14*r**2 + 4*r + 1. Let z be y(-1). Let x(s) = -s**3 - 14*s**2 - z + 5*s + 3 - 21*s + 3*s. Determine x(-13).
-8
Let t(s) = -886*s - 16 + s**3 + 12*s**2 - s**2 + 449*s + 444*s. What is t(-11)?
-93
Let s(f) = -f**3 + 8*f**2 - 8*f - 1. Let n be (-3)/(-15)*-5 - -121. Suppose -29*u = -49*u + n. Give s(u).
23
Let y(z) = -25*z**2 + 37*z + 26. Let c(b) = 179*b**2 - 260*b - 183. Let x(f) = 6*c(f) + 43*y(f). Calculate x(31).
20
Let r(k) = -3 + 20*k - 2 - k**2 - 2*k - 17 - 1. Determine r(11).
54
Let o = -1802 - -1782. Let r(p) = -3*p**2 - 59*p + 19. Give r(o).
-1
Let f(q) = -112 + 144 - q**3 - 6*q - 84*q**2 + 158*q**2 - 88*q**2. Determine f(-13).
-59
Suppose -258*s + 660 = -203*s. Let d(c) = -c**3 + 11*c**2 + 15*c - 3. Determine d(s).
33
Let r(c) be the third derivative of 0*c - 1/3*c**4 + 15*c**2 - 1/120*c**5 - 17/6*c**3 + 0. Let f(o) be the first derivative of r(o). What is f(-4)?
-4
Suppose 9 = 3*o - 0*o. Let l(d) = 2*d + 13 + 16*d**o + d**2 + 5 - 17. What is l(-1)?
-16
Suppose -18*h + 17*h - 2*k - 30 = 0, 3*h - 3*k + 90 = 0. Let o(z) = 8*z + 237. Calculate o(h).
-3
Let f(k) be the third derivative of k**5/60 - 5*k**4/12 + k**3/2 - 2*k**2 + 17490*k + 2. Let q be (-2)/(-5) + 46/10. Determine f(q).
-22
Let y be (54 + -70)*(1 + -1 + 1). Let d be y/(-12)*(-6)/4. Let k be -1*(-74)/12 - d/(-12). Let b(u) = -u**2 + 6*u - 2. Give b(k).
-2
Suppose -137*d = -432*d + 3835. Let q(i) = -i**3 + 12*i**2 + 17*i - 24. What is q(d)?
28
Suppose 11 - 1 = 2*x. Let m(d) = 7*d - 35. Let b be m(x). Let u(w) = -w**3 + w**2 + w - 9. What is u(b)?
-9
Suppose 54 = q + q - 5*c, -4*q + 4*c = -84. Let w = -11 - -13. Let p(a) = 99*a - 2*a**w + a**2 + q*a**3 - 99*a. Determine p(1).
16
Suppose -9*c = 3*c - 6*c + 30. Let w(p) = -p**2 - 6*p - 17. Determine w(c).
-12
Let y(o) = -4*o**2 - 5*o + 7. Let l = -2383 + 2387. Determine y(l).
-77
Let a(b) = -b**3 + 6*b**2 + b - 2. Suppose 2*x - 1 = 37. Let c = -12675 - -12682. Suppose 72 = x*h - c*h. Determine a(h).
4
Let d = -295367/24 - -12307. Let r(m) be the third derivative of 0*m**3 - 25*m**2 - d*m**4 + 0*m + 0. Give r(-4).
4
Let t(f) = -f**3 + 12*f**2 - 10*f - 9. Let o be t(11). Let j be -10*-1*1/o. Let a(g) = 2 - g**2 + 5*g + 0*g**2 - j + g. Calculate a(6).
-3
Let d(h) = -h - 7. Let q be d(-6). Let i(z) be the first derivative of 26 - 5*z**3 + 1/2*z**2 + z. Determine i(q).
-15
Let w(d) = -d**2 - 7*d + 6. Let v(m) = 6*m - 12. Let j be v(6). Let s = 16 - j. What is w(s)?
-2
Let p(w) = w - 78 + 160 - 72. What is p(-4)?
6
Let w(p) = 5*p + 11. Let a(u) = -u - 2. Suppose 4*g - 5 = -21. Let x(q) = g*w(q) - 22*a(q). Suppose 355*z + 24 = 361*z. Give x(z).
8
Let k(w) be the third derivative of w**6/120 + 17*w**5/60 - 17*w**4/12 + 25*w**3/3 + 5*w**2 + 91*w + 4. What is k(-19)?
-26
Let u(f) = 3*f**2 - 15*f + 11. Let x(t) = -t**2 - 1. Let n(o) = -u(o) - 4*x(o). Let j = -12862 - -12848. What is n(j)?
-21
Let n(b) = -4*b**2 - 14*b - 2. Suppose 10*u + k - 12 = 13*u, -3*k = 5*u + 48. What is n(u)?
-62
Suppose v = -k - 2*k + 6, 3*k - 42 = -5*v. Suppose 11 = -3*j + 2*i, -3*j + 4*i - i - v = 0. Let h(c) = 2*c + 6. Calculate h(j).
-4
Let b = -128 + 130. Let y(c) = 4*c**2 + 10*c**2 - 13*c**b + 2. Give y(3).
11
Suppose 5 + 78 = 5*u - 2*y, -2*u + 35 = y. Suppose -275 = -u*b + 6*b. Suppose 3*p - b = 8*p. Let w(x) = 2*x + 2. Give w(p).
-8
Suppose -3*k - 2*v = -44 + 35, -3*k + 4*v - 27 = 0. Let h(o) = 46*o + 3. Calculate h(k).
-43
Let k(c) = -c**3 + 3*c**2 - 44*c + 387. Let v be k(6). Let m(l) = 0*l + 9 - 3*l + 6*l - 4*l. Give m(v).
-6
Let b(a) = 2*a - 1. Let y(h) be the third derivative of -h**5/20 - h**4/6 + h**3/2 - 80*h**2. Let q(o) = -b(o) - y(o). Determine q(-2).
6
Let o(j) = -j**3 - 2*j**2 + 1. Let w = 512 + -525. Let b be 2/w - 11/((-1144)/16). What is o(b)?
1
Let w(a) = 13*a - 35*a + 13*a + 6 + 7*a + 3. What is w(4)?
1
Suppose 5*x - 3*b - 5 = 0, 23*x + 4*b - 28 = 21*x. Let u(n) = -36*n + 5 - x + 37*n. Give u(-8).
-7
Let c(k) = 6*k**3 + 12*k**2 + 4*k - 5. Let t(v) = v**3 + 3*v**2 + 2*v. Let d(b) = c(b) - 3*t(b). Determine d(-3).
-53
Let d = 16931 + -16937. Let v(n) = -n**3 + n + 1. Let j(k) = -2*k**3 - 6*k**2 + k. Let g(r) = j(r) - v(r). Give g(d).
-1
Let l(w) be the first derivative of -12 + 1/2*w**2 - w. Let c(d) = 2*d - 32. Let h be c(15). Give l(h).
-3
Let o(p) = -p**3 + 10*p**2 - 22*p - 8. Let r(a) = -3*a**2 + 2*a + 40. Let k be r(-3). What is o(k)?
-15
Let s be ((-60)/(-150))/(2/(-30)). Let i(g) = -2*g**3 - 11*g**2 + 7*g + 1. Calculate i(s).
-5
Let p(k) = 3*k**3 + 6*k**2 + 2*k + 13. Let m(b) = -7*b**3 - 12*b**2 - 4*b - 28. Let h(r) = -4*m(r) - 9*p(r). Suppose 25*y + 24 = 29*y. Give h(y).
-17
Let c(w) = 1398*w - 8382. Let i be c(6). Let x(z) = -z - 2*z**2 + 1 + z**2 + 8*z. Calculate x(i).
7
Let j(v) = -342*v**2 - 2 + 341*v**2 + 5. Let b be j(0). Let s(x) = 0*x - x**3 + 3*x + 0*x**3 + b - 2*x**2 + 0*x**3. Determine s(-3).
3
Let c(w) be the first derivative of -w**4/4 + 5*w**3 - 17*w**2/2 + 46*w - 1546. Determine c(14).
4
Suppose -3*c - g + 2*g = 23, -2*c - 16 = -g. Suppose 24*a - 26*a - 4 = -4*f, 2*f - 2 = 5*a. Let b(p) = 47*p - 20*p - f - 28*p. Determine b(c).
6
Let u(i) = i**3 - 4*i**2 + 3*i - 2. Let y be u(3). Let c = 33 - 32. Let j(d) = 0 + 6*d**2 - 4*d**2 - c + 0. Give j(y).
7
Suppose -4*n - 2*o = -9*n + 20, o = -4*n + 3. Let j be 4*1*1*(-2)/n. Let x(t) be the first derivative of -t**4/4 - 4*t**3/3 - t**2 + 2*t + 1. Calculate x(j).
10
Let v = 387315 - 387308. Let s(d) be the second derivative of -d**4/6 + 13*d**3/6 + 3*d**2 + d. Determine s(v).
-1
Let o be (60/(-8) + -1)/((-30)/(-60)). Let b(t) = 5*t. What is b(o)?
-85
Suppose 3*c + p + 11 = c, 0 = -3*c + 3*p - 30. Let j(x) be the second derivative of -x**3/3 - 3*x**2 - 30*x - 1. Calculate j(c).
8
Let l(g) = -g**2 + 7*g + 9. Let a(z) = z**2 - z - 3. Let n = 112 - 115. Let q be a(n). Calculate l(q).
-9
Let m be (-1)/4 + -2*(-534)/(-16). Let z = -65 - m. Let l(c) = -4*c**2 - 10*c**2 + 2*c**2 + c**z. Give l(-1).
-11
Let a = -6 - -3. Let t(z) = 6*z + 35. Let j be t(-3). Let k(y) = -y**2 + 0*y - y - 37 + 24 + j. Determine k(a).
-2
Let y(q) = -q**2 + 5*q + 2. Let z = 32 - 30. Let w(h) = h**3 - 9 + 6*h + 43*h**z + 28*h**2 - 62*h**2. Let g be w(-8). Calculate y(g).
-12
Let f(o) = 2*o - 6. Let n(v) = -2*v + 7. Let d(i) = -3*f(i) - 4*n(i). Let x be (-174)/261 + (8 + 2)*(-2)/(-3). Determine d(x).
2
Let s be (-1326)/(-119) + 32/(-28) + 0 + 2. Let r(k) = k**2 - 18*k + 70. Give r(s).
-2
Let z(v) = -3*v - 23. Let h(f) = -f - 8. Let p(g) = 11*h(g) - 4*z(g). Let c(u) = 2*u + 7. Let j(l) = 3*c(l) - 5*p(l). Calculate j(-3).
-2
Let b(s) = -2*s**2 + 3*s + 2. Suppose 0 = 18*k - 182 + 38. Let q be 1*5 - (-10 + 26)/k. Determine b(q).
-7
Suppose 6*j - 2*j - 64 = 0. Suppose 3*q - j = -2*p - 5, -q + 4*p = 15. Let s(n) be the second derivative of -13*n**5/20 - n**3/6 - 26*n + 2. Give s(q).
-14
Let w(p) = 4*p - 6. Suppose 121*v + 113 - 33 = -162. What is w(v)?
-14
Let l(w) = w**2 + 7*w. Let k be l(-6). Let h(r) = -15*r - 43. Let s be h(-3). Let d(n) = -s + n + 0*n - 3 + 2. Calculate d(k).
-9
Let a be 5/(16 + -1) - (-3372)/9. Let s = 378 - a. Let z(i) = -i**2 - 4*i + 4. Calculate z(s).
-17
Suppose -8*i + 16 = -192. Let r(v) = -30*v**2 + 5 + v - 3*v + i*v**2 + v**3. Let p be 1*(-12)/(-4) + 1. Give r(p).
-3
Let i(a) be the third derivative of a**4/3 - 5*a**3/2 - 3170*a**2. Determine i(-7).
-71
Let r be (-18)/(5 - 11) + 24/1. Let w(h) = -5*h + 133. Determine w(r).
-2
Let g(o) = -o**2 + 21*o + 16. Suppose -43*m = -2655 + 1924. What is g(m)?
84
Let p(j) = -j + 2. Let q be (-128)/(-4 + (-2)/(-3) + 3). Let n = -390 + q. Give p(n).
8
Let o(s) be the first derivative of 2*s**2 + 34*s - 567. Give o(-7).
6
Let p(s) = -2*s**3 + 24*s**2 - s + 43. Let c be p(12). Let w(o) = o**2 - 31*o + 9. L